r?
False
Is 287763418091 composite?
False
Is 8618724139 a prime number?
True
Is 6274126343 a prime number?
True
Is 25277682581 a prime number?
True
Is 2820494553 a prime number?
False
Is 13896338231 prime?
False
Is 1281050735 prime?
False
Is 525473911 composite?
True
Is 127588799837 a prime number?
True
Is 2651727329 prime?
False
Is 82046317 a composite number?
True
Is 5115267973 prime?
True
Is 192827233 composite?
True
Is 5289115187 a composite number?
True
Is 9999942871 a prime number?
True
Is 15079584661 composite?
False
Is 2692782997 a prime number?
False
Is 912248719 a prime number?
True
Is 24185411647 prime?
True
Is 9331889209 composite?
False
Is 15431931839 prime?
False
Is 12895224401 prime?
True
Is 12045877601 a prime number?
False
Is 9426944161 composite?
False
Is 204194677 composite?
False
Is 791924537 prime?
False
Is 2929461197 composite?
True
Is 714230981 a composite number?
False
Is 1232304499 a prime number?
False
Is 11401115461 a prime number?
False
Is 17593603 composite?
False
Is 15977181907 a prime number?
True
Is 1492203919 a prime number?
False
Is 10647210181 prime?
True
Is 4749242065 a prime number?
False
Is 29623381 prime?
True
Is 436291454 a prime number?
False
Is 319195121 a composite number?
True
Is 4208109483 a composite number?
True
Is 1016089349 prime?
False
Is 47984273327 a composite number?
True
Is 11596581529 a prime number?
False
Is 58726438651 composite?
False
Is 684852465355 composite?
True
Is 3449489887 a prime number?
True
Is 1283945123 a prime number?
False
Is 640842227 a composite number?
True
Is 85451998 a prime number?
False
Is 6715931477 a prime number?
False
Is 6099544337 a composite number?
False
Is 2138536909 a prime number?
False
Is 195193273 prime?
False
Is 23682510274 composite?
True
Is 94844776057 composite?
False
Is 804123421 composite?
False
Is 10482024403 a prime number?
True
Is 25091137789 a prime number?
True
Is 3334374751 composite?
False
Is 30018127 prime?
True
Is 3990491963 prime?
False
Is 546679702 a composite number?
True
Is 202787587 a prime number?
False
Is 1196543213 a composite number?
False
Is 23744903305 a prime number?
False
Is 5339153227 prime?
True
Is 726978487 prime?
True
Is 3530909671 a composite number?
True
Is 11013051131 prime?
True
Is 13037419721 composite?
False
Is 7360366337 a prime number?
True
Is 6069961139 a prime number?
False
Is 21752343859 prime?
True
Is 3725171341 a composite number?
True
Is 3782638429 a composite number?
True
Is 131741369021 composite?
False
Is 48459503897 composite?
True
Is 13639171873 prime?
True
Is 3870579487 prime?
True
Is 613472216021 a composite number?
True
Is 480853123 a prime number?
True
Is 350022203 a prime number?
False
Is 1507078913 prime?
True
Is 516343291 composite?
True
Is 26760513023 composite?
False
Is 8732259631 a composite number?
True
Is 89746919 a composite number?
True
Is 7044781057 composite?
True
Is 590140051 a composite number?
False
Is 1000171339 composite?
False
Is 831724469 prime?
True
Is 2237330021 composite?
True
Is 2520917149 composite?
False
Is 36701260007 a prime number?
True
Is 194005010015 prime?
False
Is 3309008467 prime?
True
Is 27103583977 prime?
True
Is 420941933 prime?
False
Is 126473551 prime?
True
Is 5058145003 a composite number?
False
Is 116136545843 a prime number?
True
Is 1001028373 a prime number?
True
Is 62540851 a prime number?
False
Is 59107649 a composite number?
True
Is 557626513 a composite number?
True
Is 5411884993 a prime number?
True
Is 18593705909 a prime number?
True
Is 6545013157 composite?
False
Is 1866916481 a prime number?
False
Is 840034547 a composite number?
True
Is 169013653 a composite number?
True
Is 15031898801 a composite number?
False
Is 483672793 a prime number?
True
Is 841701251 composite?
False
Is 515119093 prime?
True
Is 19177869313 composite?
False
Is 339145977 prime?
False
Is 580373657 composite?
False
Is 9663966551 prime?
True
Is 207544981 composite?
True
Is 5487536741 a composite number?
False
Is 13874589983 prime?
False
Is 7978933217 a prime number?
True
Is 10746208607 a composite number?
False
Is 3294679447 a prime number?
False
Is 1885783049 composite?
True
Is 12322825997 a composite number?
False
Is 7628601637 a prime number?
False
Is 39857081351 a composite number?
False
Is 386476822867 composite?
False
Is 2263616711 a composite number?
True
Is 2832345521 prime?
False
Is 11440837271 a prime number?
True
Is 1489270537 a composite number?
False
Is 857202589 prime?
False
Is 9582987413 composite?
False
Is 18933776207 a composite number?
False
Is 14461440409 composite?
True
Is 3936404201 composite?
False
Is 2488822951 a prime number?
True
Is 686528119 prime?
False
Is 1584816673 a composite number?
True
Is 7094095933 a composite number?
True
Is 10479151667 a prime number?
True
Is 175560752929 a prime number?
True
Is 233706719 a composite number?
False
Is 26086603949 a composite number?
True
Is 2034550829 composite?
True
Is 6336123049 a composite number?
False
Is 14711918813 a composite number?
True
Is 9415424686 a prime number?
False
Is 62970276307 prime?
False
Is 3153998963 a prime number?
False
Is 7937725927 prime?
False
Is 147606457 composite?
True
Is 4384275839 composite?
True
Is 1033057621 a composite number?
True
Is 4513476399 composite?
True
Is 87292586153 a prime number?
False
Is 65830518013 prime?
False
Is 12155654737 a composite number?
False
Is 2742777647 prime?
True
Is 82607389 a composite number?
True
Is 717745591 prime?
True
Is 11563350493 a composite number?
False
Is 1964339033 prime?
False
Is 52038313133 a composite number?
True
Is 1415902289 prime?
True
Is 1624327393 a prime number?
False
Is 15987682813 prime?
False
Is 107980563247 a prime number?
True
Is 4099407569 composite?
False
Is 1730859217 composite?
True
Is 1215775139 a prime number?
True
Is 22207840387 a prime number?
True
Is 13816697 composite?
False
Is 1268643449 prime?
False
Is 46899403 a composite number?
True
Is 82070182723 composite?
False
Is 1860494473 a composite number?
False
Is 379667207 prime?
False
Is 4561560991 composite?
True
Is 80112076367 a composite number?
False
Is 2076657691 composite?
True
Is 8380716983 prime?
False
Is 7334612591 prime?
True
Is 305346421 prime?
True
Is 419969533 composite?
False
Is 26441229527 prime?
True
Is 210646425479 a prime number?
False
Is 1547630951 prime?
False
Is 686711423 a composite number?
True
Is 78243092251 composite?
True
Is 1385458733 composite?
True
Is 852858353 prime?
True
Is 5480256833 prime?
False
Is 18498403661 a composite number?
False
Is 33765532131 composite?
True
Is 227773219 a prime number?
False
Is 65746315861 a prime number?
False
Is 38713514899 a prime number?
False
Is 94337846971 a prime number?
True
Is 36325152637 composite?
True
Is 47849190289 a composite number?
False
Is 8210797687 a composite number?
True
Is 32125796489 composite?
False
Is 34538729 a prime number?
False
Is 2145003337 prime?
True
Is 7781245837 a composite number?
True
Is 172509844153 prime?
True
Is 5305081861 a prime number?
True
Is 938818955 a prime number?
False
Is 1266295801 a composite number?
False
Is 19960727053 a composite number?
False
Is 27399504233 prime?
True
Is 173128619 a prime number?
True
Is 1543720331 composite?
False
Is 3675413051 a composite number?
True
Is 2846471431 a composite number?
False
Is 1271573741 prime?
True
Is 1109724947 a composite number?
False
Is 70050776231 a composite number?
False
Is 867396028181 a prime number?
True
Is 84206120426 a composite number?
True
Is 1706744063 a prime number?
True
Is 2505415469 a prime number?
True
Is 58647431471 a composite number?
False
Is 1395230413 prime?
True
Is 635795857 prime?
True
Is 20384590687 a prime number?
True
Is 999527549 a prime number?
True
Is 42839773 prime?
True
Is 36891157249 a composite number?
False
Is 1813757241 a prime number?
False
Is 22663636217 a composite number?
False
Is 382672097 composite?
False
Is 12430903 a prime number?
True
Is 8679324331 prime?
True
Is 895051579 composite?
True
Is 58763048423 composite?
False
Is 68796210811 a prime number?
False
Is 15367658617 a prime number?
False
Is 30001523 prime?
True
Is 4305292531 composite?
True
Is 3152021009 a prime number?
False
Is 23171156741 prime?
True
Is 222906243215 a composite number?
True
Is 9398313623 compo